{"id":319,"date":"2025-10-02T12:36:43","date_gmt":"2025-10-02T12:36:43","guid":{"rendered":"http:\/\/avih.org\/?page_id=319"},"modified":"2026-04-08T08:42:41","modified_gmt":"2026-04-08T08:42:41","slug":"actions-en-faveur-des-mineurs-accompagnes","status":"publish","type":"page","link":"https:\/\/avih.org\/index.php\/actions-en-faveur-des-mineurs-accompagnes\/","title":{"rendered":"Actions en faveur des mineurs non accompagn\u00e9s"},"content":{"rendered":"\t\t<div data-elementor-type=\"wp-page\" data-elementor-id=\"319\" class=\"elementor elementor-319\" data-elementor-post-type=\"page\">\n\t\t\t\t<div class=\"elementor-element elementor-element-ed342b5 e-con-full e-flex e-con e-parent\" data-id=\"ed342b5\" data-element_type=\"container\" data-e-type=\"container\" data-settings=\"{&quot;background_background&quot;:&quot;classic&quot;}\">\n\t\t\t\t<\/div>\n\t\t<div class=\"elementor-element elementor-element-2a31c2aa e-flex e-con-boxed e-con e-parent\" data-id=\"2a31c2aa\" data-element_type=\"container\" data-e-type=\"container\">\n\t\t\t\t\t<div class=\"e-con-inner\">\n\t\t\t\t<div class=\"elementor-element elementor-element-31e26db4 elementor-widget elementor-widget-spacer\" data-id=\"31e26db4\" data-element_type=\"widget\" data-e-type=\"widget\" data-widget_type=\"spacer.default\">\n\t\t\t\t\t\t\t<div class=\"elementor-spacer\">\n\t\t\t<div class=\"elementor-spacer-inner\"><\/div>\n\t\t<\/div>\n\t\t\t\t\t\t<\/div>\n\t\t\t\t\t<\/div>\n\t\t\t\t<\/div>\n\t\t<div class=\"elementor-element elementor-element-2acbbcf e-flex e-con-boxed e-con e-parent\" data-id=\"2acbbcf\" data-element_type=\"container\" data-e-type=\"container\">\n\t\t\t\t\t<div class=\"e-con-inner\">\n\t\t\t\t<div class=\"elementor-element elementor-element-71d33656 elementor-widget elementor-widget-heading\" data-id=\"71d33656\" data-element_type=\"widget\" data-e-type=\"widget\" data-widget_type=\"heading.default\">\n\t\t\t\t\t<h2 class=\"elementor-heading-title elementor-size-default\">Actions en faveur des Mineurs Non Accompagn\u00e9s (MNA)<\/h2>\t\t\t\t<\/div>\n\t\t\t\t\t<\/div>\n\t\t\t\t<\/div>\n\t\t<div class=\"elementor-element elementor-element-7e36598a e-flex e-con-boxed e-con e-parent\" data-id=\"7e36598a\" data-element_type=\"container\" data-e-type=\"container\">\n\t\t\t\t\t<div class=\"e-con-inner\">\n\t\t\t\t<div class=\"elementor-element elementor-element-72dfac79 elementor-widget elementor-widget-spacer\" data-id=\"72dfac79\" data-element_type=\"widget\" data-e-type=\"widget\" data-widget_type=\"spacer.default\">\n\t\t\t\t\t\t\t<div class=\"elementor-spacer\">\n\t\t\t<div class=\"elementor-spacer-inner\"><\/div>\n\t\t<\/div>\n\t\t\t\t\t\t<\/div>\n\t\t\t\t\t<\/div>\n\t\t\t\t<\/div>\n\t\t<div class=\"elementor-element elementor-element-26cee6b8 e-flex e-con-boxed e-con e-parent\" data-id=\"26cee6b8\" data-element_type=\"container\" data-e-type=\"container\">\n\t\t\t\t\t<div class=\"e-con-inner\">\n\t\t\t\t<div class=\"elementor-element elementor-element-52ab5693 elementor-widget elementor-widget-text-editor\" data-id=\"52ab5693\" data-element_type=\"widget\" data-e-type=\"widget\" data-widget_type=\"text-editor.default\">\n\t\t\t\t\t\t\t\t\t<p>Ce dispositif fait l\u2019objet d\u2019une <strong>convention<\/strong> que nous avons <strong>sign\u00e9e avec le service de protection de l\u2019enfance et des familles<\/strong> du d\u00e9partement de Seine et Marne en vue d\u2019<strong>am\u00e9liorer la sant\u00e9 mentale des Mineurs Non Accompagn\u00e9s<\/strong> et de <strong>soutenir les \u00e9quipes de professionnels<\/strong> qui les accompagnent.<\/p>\t\t\t\t\t\t\t\t<\/div>\n\t\t\t\t\t<\/div>\n\t\t\t\t<\/div>\n\t\t<div class=\"elementor-element elementor-element-15a8ed61 e-flex e-con-boxed e-con e-parent\" data-id=\"15a8ed61\" data-element_type=\"container\" data-e-type=\"container\">\n\t\t\t\t\t<div class=\"e-con-inner\">\n\t\t\t\t<div class=\"elementor-element elementor-element-59f18c0b elementor-widget elementor-widget-spacer\" data-id=\"59f18c0b\" data-element_type=\"widget\" data-e-type=\"widget\" data-widget_type=\"spacer.default\">\n\t\t\t\t\t\t\t<div class=\"elementor-spacer\">\n\t\t\t<div class=\"elementor-spacer-inner\"><\/div>\n\t\t<\/div>\n\t\t\t\t\t\t<\/div>\n\t\t\t\t\t<\/div>\n\t\t\t\t<\/div>\n\t\t<div class=\"elementor-element elementor-element-1f795db4 e-flex e-con-boxed e-con e-parent\" data-id=\"1f795db4\" data-element_type=\"container\" data-e-type=\"container\">\n\t\t\t\t\t<div class=\"e-con-inner\">\n\t\t<div class=\"elementor-element elementor-element-5379cbef e-con-full e-flex e-con e-child\" data-id=\"5379cbef\" data-element_type=\"container\" data-e-type=\"container\">\n\t\t<div class=\"elementor-element elementor-element-5cd38483 e-con-full e-flex e-con e-child\" data-id=\"5cd38483\" data-element_type=\"container\" data-e-type=\"container\">\n\t\t\t\t<div class=\"elementor-element elementor-element-7b031dff elementor-widget elementor-widget-heading\" data-id=\"7b031dff\" data-element_type=\"widget\" data-e-type=\"widget\" data-widget_type=\"heading.default\">\n\t\t\t\t\t<h2 class=\"elementor-heading-title elementor-size-default\">Objectifs<\/h2>\t\t\t\t<\/div>\n\t\t\t\t<div class=\"elementor-element elementor-element-7a8b8fe3 elementor-widget elementor-widget-spacer\" data-id=\"7a8b8fe3\" data-element_type=\"widget\" data-e-type=\"widget\" data-widget_type=\"spacer.default\">\n\t\t\t\t\t\t\t<div class=\"elementor-spacer\">\n\t\t\t<div class=\"elementor-spacer-inner\"><\/div>\n\t\t<\/div>\n\t\t\t\t\t\t<\/div>\n\t\t\t\t<div class=\"elementor-element elementor-element-29fabee elementor-widget elementor-widget-text-editor\" data-id=\"29fabee\" data-element_type=\"widget\" data-e-type=\"widget\" data-widget_type=\"text-editor.default\">\n\t\t\t\t\t\t\t\t\t<ul><li><strong>Promouvoir la sant\u00e9 mentale des MNA<\/strong> en situation de vuln\u00e9rabilit\u00e9.<\/li><li><strong>Offrir une prise en charge sp\u00e9cialis\u00e9e<\/strong> : \u00e9valuations, suivis, th\u00e9rapies groupales.<\/li><li><strong>Soutenir les professionnels<\/strong> : r\u00e9duire l\u2019\u00e9puisement \u00e9motionnel, am\u00e9liorer la posture d\u2019accompagnement.<\/li><li><strong>Favoriser un parcours de sant\u00e9 structur\u00e9<\/strong> pour les jeunes.<\/li><li><strong>D\u00e9velopper une dynamique de territoire<\/strong><br \/>et un travail en r\u00e9seau.<\/li><li><strong>Apporter une r\u00e9ponse plus adapt\u00e9e aux souffrances psychologiques<\/strong> : psycho-<br \/>traumatismes, ruptures, exil, isolement.<\/li><\/ul>\t\t\t\t\t\t\t\t<\/div>\n\t\t\t\t<\/div>\n\t\t<div class=\"elementor-element elementor-element-53458a9 e-con-full e-flex e-con e-child\" data-id=\"53458a9\" data-element_type=\"container\" data-e-type=\"container\">\n\t\t\t\t<div class=\"elementor-element elementor-element-5ba6de8b elementor-widget elementor-widget-heading\" data-id=\"5ba6de8b\" data-element_type=\"widget\" data-e-type=\"widget\" data-widget_type=\"heading.default\">\n\t\t\t\t\t<h2 class=\"elementor-heading-title elementor-size-default\">Public cible<\/h2>\t\t\t\t<\/div>\n\t\t\t\t<div class=\"elementor-element elementor-element-7bfd1b51 elementor-widget elementor-widget-spacer\" data-id=\"7bfd1b51\" data-element_type=\"widget\" data-e-type=\"widget\" data-widget_type=\"spacer.default\">\n\t\t\t\t\t\t\t<div class=\"elementor-spacer\">\n\t\t\t<div class=\"elementor-spacer-inner\"><\/div>\n\t\t<\/div>\n\t\t\t\t\t\t<\/div>\n\t\t\t\t<div class=\"elementor-element elementor-element-3ebdcf2a elementor-widget elementor-widget-text-editor\" data-id=\"3ebdcf2a\" data-element_type=\"widget\" data-e-type=\"widget\" data-widget_type=\"text-editor.default\">\n\t\t\t\t\t\t\t\t\t<ul><li><strong>Mineurs Non Accompagn\u00e9s<\/strong> pris en charge par l\u2019Aide Sociale \u00e0 l\u2019Enfance (ASE) de Seine-et-Marne.<\/li><li><strong>Professionnels<\/strong> des \u00e9tablissements d\u2019accueil (\u00e9ducateurs, chefs de service, coordinateurs\u2026).<\/li><li><strong>Structures partenaires<\/strong> \u0153uvrant pour l\u2019accueil et l\u2019insertion des jeunes exil\u00e9s.<\/li><\/ul>\t\t\t\t\t\t\t\t<\/div>\n\t\t\t\t<\/div>\n\t\t\t\t<\/div>\n\t\t\t\t\t<\/div>\n\t\t\t\t<\/div>\n\t\t<div class=\"elementor-element elementor-element-64f3164 e-flex e-con-boxed e-con e-parent\" data-id=\"64f3164\" data-element_type=\"container\" data-e-type=\"container\">\n\t\t\t\t\t<div class=\"e-con-inner\">\n\t\t\t\t<div class=\"elementor-element elementor-element-66616a91 elementor-widget elementor-widget-spacer\" data-id=\"66616a91\" data-element_type=\"widget\" data-e-type=\"widget\" data-widget_type=\"spacer.default\">\n\t\t\t\t\t\t\t<div class=\"elementor-spacer\">\n\t\t\t<div class=\"elementor-spacer-inner\"><\/div>\n\t\t<\/div>\n\t\t\t\t\t\t<\/div>\n\t\t\t\t\t<\/div>\n\t\t\t\t<\/div>\n\t\t<div class=\"elementor-element elementor-element-190522 e-flex e-con-boxed e-con e-parent\" data-id=\"190522\" data-element_type=\"container\" data-e-type=\"container\">\n\t\t\t\t\t<div class=\"e-con-inner\">\n\t\t<div class=\"elementor-element elementor-element-2508fa76 e-con-full e-flex e-con e-child\" data-id=\"2508fa76\" data-element_type=\"container\" data-e-type=\"container\">\n\t\t\t\t<div class=\"elementor-element elementor-element-62aa3619 elementor-widget elementor-widget-image\" data-id=\"62aa3619\" data-element_type=\"widget\" data-e-type=\"widget\" data-widget_type=\"image.default\">\n\t\t\t\t\t\t\t\t\t\t\t\t\t\t\t<img fetchpriority=\"high\" decoding=\"async\" width=\"462\" height=\"593\" src=\"https:\/\/avih.org\/wp-content\/uploads\/2025\/10\/carte-77-entiere.png\" class=\"attachment-large size-large wp-image-666\" alt=\"\" srcset=\"https:\/\/avih.org\/wp-content\/uploads\/2025\/10\/carte-77-entiere.png 462w, https:\/\/avih.org\/wp-content\/uploads\/2025\/10\/carte-77-entiere-234x300.png 234w\" sizes=\"(max-width: 462px) 100vw, 462px\" \/>\t\t\t\t\t\t\t\t\t\t\t\t\t\t\t<\/div>\n\t\t\t\t<\/div>\n\t\t<div class=\"elementor-element elementor-element-3cf32c58 e-con-full e-flex e-con e-child\" data-id=\"3cf32c58\" data-element_type=\"container\" data-e-type=\"container\">\n\t\t\t\t<div class=\"elementor-element elementor-element-69743128 elementor-widget elementor-widget-heading\" data-id=\"69743128\" data-element_type=\"widget\" data-e-type=\"widget\" data-widget_type=\"heading.default\">\n\t\t\t\t\t<h2 class=\"elementor-heading-title elementor-size-default\">Territoire d'intervention<\/h2>\t\t\t\t<\/div>\n\t\t\t\t<div class=\"elementor-element elementor-element-2b7005fc elementor-widget elementor-widget-text-editor\" data-id=\"2b7005fc\" data-element_type=\"widget\" data-e-type=\"widget\" data-widget_type=\"text-editor.default\">\n\t\t\t\t\t\t\t\t\t<p>Intervention aupr\u00e8s des \u00e9tablissements de Seine et Marne accueillant des Mineurs Non Accompagn\u00e9s<\/p>\t\t\t\t\t\t\t\t<\/div>\n\t\t\t\t<\/div>\n\t\t\t\t\t<\/div>\n\t\t\t\t<\/div>\n\t\t<div class=\"elementor-element elementor-element-59a7eeae e-flex e-con-boxed e-con e-parent\" data-id=\"59a7eeae\" data-element_type=\"container\" data-e-type=\"container\">\n\t\t\t\t\t<div class=\"e-con-inner\">\n\t\t\t\t<div class=\"elementor-element elementor-element-4e717a75 elementor-widget elementor-widget-spacer\" data-id=\"4e717a75\" data-element_type=\"widget\" data-e-type=\"widget\" data-widget_type=\"spacer.default\">\n\t\t\t\t\t\t\t<div class=\"elementor-spacer\">\n\t\t\t<div class=\"elementor-spacer-inner\"><\/div>\n\t\t<\/div>\n\t\t\t\t\t\t<\/div>\n\t\t\t\t\t<\/div>\n\t\t\t\t<\/div>\n\t\t<div class=\"elementor-element elementor-element-1315ccc8 e-con-full e-flex e-con e-parent\" data-id=\"1315ccc8\" data-element_type=\"container\" data-e-type=\"container\">\n\t\t<div class=\"elementor-element elementor-element-28acb201 e-con-full e-flex e-con e-child\" data-id=\"28acb201\" data-element_type=\"container\" data-e-type=\"container\">\n\t\t\t\t<div class=\"elementor-element elementor-element-68fadfb5 elementor-widget elementor-widget-heading\" data-id=\"68fadfb5\" data-element_type=\"widget\" data-e-type=\"widget\" data-widget_type=\"heading.default\">\n\t\t\t\t\t<h2 class=\"elementor-heading-title elementor-size-default\">Actions<\/h2>\t\t\t\t<\/div>\n\t\t\t\t<div class=\"elementor-element elementor-element-22931243 elementor-widget elementor-widget-text-editor\" data-id=\"22931243\" data-element_type=\"widget\" data-e-type=\"widget\" data-widget_type=\"text-editor.default\">\n\t\t\t\t\t\t\t\t\t<ul><li><strong>Suivis psychologiques individualis\u00e9s :<\/strong><ul><li>Entretiens d\u2019\u00e9valuation avec les jeunes qui nous sont orient\u00e9s<\/li><li>Prises en charge par des psychologues sp\u00e9cialis\u00e9s en psycho traumatisme et transculturalit\u00e9<\/li><\/ul><\/li><li><strong>Programmes th\u00e9rapeutiques groupaux (sur 2\/ 3 mois) :<\/strong><ul><li>Dramath\u00e9rapie (th\u00e9rapie par le th\u00e9\u00e2tre)<\/li><li>\u00c9quith\u00e9rapie (th\u00e9rapie par le cheval)<\/li><li>Temps d\u2019\u00e9laboration et de bilans avec les jeunes et les professionnels<\/li><\/ul><\/li><li><strong>Actions aupr\u00e8s des professionnels :<\/strong><ul><li>Formations inter-\u00e9tablissements (th\u00e8mes : transculturalit\u00e9, psycho traumatisme, lien, posture\u2026)<\/li><li>Sensibilisations in situ (sur demande ou r\u00e9guli\u00e8res)<\/li><li>Appui clinique lors de situations complexes<\/li><\/ul><\/li><\/ul>\t\t\t\t\t\t\t\t<\/div>\n\t\t\t\t<\/div>\n\t\t<div class=\"elementor-element elementor-element-752c5f25 e-con-full e-flex e-con e-child\" data-id=\"752c5f25\" data-element_type=\"container\" data-e-type=\"container\">\n\t\t\t\t<div class=\"elementor-element elementor-element-33cf5c03 elementor-widget elementor-widget-image\" data-id=\"33cf5c03\" data-element_type=\"widget\" data-e-type=\"widget\" data-widget_type=\"image.default\">\n\t\t\t\t\t\t\t\t\t\t\t\t\t\t\t<img decoding=\"async\" width=\"1800\" height=\"1433\" src=\"https:\/\/avih.org\/wp-content\/uploads\/2025\/10\/Fichier-1.png\" class=\"attachment-full size-full wp-image-595\" alt=\"\" srcset=\"https:\/\/avih.org\/wp-content\/uploads\/2025\/10\/Fichier-1.png 1800w, https:\/\/avih.org\/wp-content\/uploads\/2025\/10\/Fichier-1-300x239.png 300w, https:\/\/avih.org\/wp-content\/uploads\/2025\/10\/Fichier-1-1024x815.png 1024w, https:\/\/avih.org\/wp-content\/uploads\/2025\/10\/Fichier-1-768x611.png 768w, https:\/\/avih.org\/wp-content\/uploads\/2025\/10\/Fichier-1-1536x1223.png 1536w\" sizes=\"(max-width: 1800px) 100vw, 1800px\" \/>\t\t\t\t\t\t\t\t\t\t\t\t\t\t\t<\/div>\n\t\t\t\t<\/div>\n\t\t\t\t<\/div>\n\t\t<div class=\"elementor-element elementor-element-4fb9f4f4 e-flex e-con-boxed e-con e-parent\" data-id=\"4fb9f4f4\" data-element_type=\"container\" data-e-type=\"container\">\n\t\t\t\t\t<div class=\"e-con-inner\">\n\t\t\t\t<div class=\"elementor-element elementor-element-49637e7d elementor-widget elementor-widget-spacer\" data-id=\"49637e7d\" data-element_type=\"widget\" data-e-type=\"widget\" data-widget_type=\"spacer.default\">\n\t\t\t\t\t\t\t<div class=\"elementor-spacer\">\n\t\t\t<div class=\"elementor-spacer-inner\"><\/div>\n\t\t<\/div>\n\t\t\t\t\t\t<\/div>\n\t\t\t\t\t<\/div>\n\t\t\t\t<\/div>\n\t\t<div class=\"elementor-element elementor-element-29318c76 e-flex e-con-boxed e-con e-parent\" data-id=\"29318c76\" data-element_type=\"container\" data-e-type=\"container\">\n\t\t\t\t\t<div class=\"e-con-inner\">\n\t\t\t\t<div class=\"elementor-element elementor-element-5888e3f9 elementor-widget elementor-widget-heading\" data-id=\"5888e3f9\" data-element_type=\"widget\" data-e-type=\"widget\" data-widget_type=\"heading.default\">\n\t\t\t\t\t<h2 class=\"elementor-heading-title elementor-size-default\">Mode d'orientation<\/h2>\t\t\t\t<\/div>\n\t\t\t\t<div class=\"elementor-element elementor-element-67ca5924 elementor-widget elementor-widget-spacer\" data-id=\"67ca5924\" data-element_type=\"widget\" data-e-type=\"widget\" data-widget_type=\"spacer.default\">\n\t\t\t\t\t\t\t<div class=\"elementor-spacer\">\n\t\t\t<div class=\"elementor-spacer-inner\"><\/div>\n\t\t<\/div>\n\t\t\t\t\t\t<\/div>\n\t\t\t\t\t<\/div>\n\t\t\t\t<\/div>\n\t\t<div class=\"elementor-element elementor-element-03c7cf3 e-flex e-con-boxed e-con e-parent\" data-id=\"03c7cf3\" data-element_type=\"container\" data-e-type=\"container\">\n\t\t\t\t\t<div class=\"e-con-inner\">\n\t\t<div class=\"elementor-element elementor-element-d308c4b e-con-full e-flex e-con e-child\" data-id=\"d308c4b\" data-element_type=\"container\" data-e-type=\"container\">\n\t\t\t\t<div class=\"elementor-element elementor-element-78cc4ae elementor-position-top elementor-widget elementor-widget-image-box\" data-id=\"78cc4ae\" data-element_type=\"widget\" data-e-type=\"widget\" data-widget_type=\"image-box.default\">\n\t\t\t\t\t<div class=\"elementor-image-box-wrapper\"><figure class=\"elementor-image-box-img\"><img decoding=\"async\" width=\"318\" height=\"752\" src=\"https:\/\/avih.org\/wp-content\/uploads\/2025\/10\/cultures_rayonnement.png\" class=\"attachment-full size-full wp-image-303\" alt=\"\" srcset=\"https:\/\/avih.org\/wp-content\/uploads\/2025\/10\/cultures_rayonnement.png 318w, https:\/\/avih.org\/wp-content\/uploads\/2025\/10\/cultures_rayonnement-127x300.png 127w\" sizes=\"(max-width: 318px) 100vw, 318px\" \/><\/figure><div class=\"elementor-image-box-content\"><p class=\"elementor-image-box-description\"><strong>Orientation des \u00e9tablissements d\u2019accueil <\/strong>\n<br>via une fiche de liaison<\/p><\/div><\/div>\t\t\t\t<\/div>\n\t\t\t\t<\/div>\n\t\t<div class=\"elementor-element elementor-element-518c513 e-con-full e-flex e-con e-child\" data-id=\"518c513\" data-element_type=\"container\" data-e-type=\"container\">\n\t\t\t\t<div class=\"elementor-element elementor-element-bcfd0ac elementor-position-top elementor-widget elementor-widget-image-box\" data-id=\"bcfd0ac\" data-element_type=\"widget\" data-e-type=\"widget\" data-widget_type=\"image-box.default\">\n\t\t\t\t\t<div class=\"elementor-image-box-wrapper\"><figure class=\"elementor-image-box-img\"><img loading=\"lazy\" decoding=\"async\" width=\"316\" height=\"750\" src=\"https:\/\/avih.org\/wp-content\/uploads\/2025\/10\/lien_communication.png\" class=\"attachment-full size-full wp-image-306\" alt=\"\" srcset=\"https:\/\/avih.org\/wp-content\/uploads\/2025\/10\/lien_communication.png 316w, https:\/\/avih.org\/wp-content\/uploads\/2025\/10\/lien_communication-126x300.png 126w\" sizes=\"(max-width: 316px) 100vw, 316px\" \/><\/figure><div class=\"elementor-image-box-content\"><p class=\"elementor-image-box-description\"><strong>Rep\u00e9rage <\/strong><br>lors des\nbilans ou programmes\ngroupaux<\/p><\/div><\/div>\t\t\t\t<\/div>\n\t\t\t\t<\/div>\n\t\t<div class=\"elementor-element elementor-element-ce1d4e6 e-con-full e-flex e-con e-child\" data-id=\"ce1d4e6\" data-element_type=\"container\" data-e-type=\"container\">\n\t\t\t\t<div class=\"elementor-element elementor-element-d4f36e6 elementor-position-top elementor-widget elementor-widget-image-box\" data-id=\"d4f36e6\" data-element_type=\"widget\" data-e-type=\"widget\" data-widget_type=\"image-box.default\">\n\t\t\t\t\t<div class=\"elementor-image-box-wrapper\"><figure class=\"elementor-image-box-img\"><img loading=\"lazy\" decoding=\"async\" width=\"801\" height=\"801\" src=\"https:\/\/avih.org\/wp-content\/uploads\/2025\/10\/partenariats.png\" class=\"attachment-full size-full wp-image-335\" alt=\"\" srcset=\"https:\/\/avih.org\/wp-content\/uploads\/2025\/10\/partenariats.png 801w, https:\/\/avih.org\/wp-content\/uploads\/2025\/10\/partenariats-300x300.png 300w, https:\/\/avih.org\/wp-content\/uploads\/2025\/10\/partenariats-150x150.png 150w, https:\/\/avih.org\/wp-content\/uploads\/2025\/10\/partenariats-768x768.png 768w\" sizes=\"(max-width: 801px) 100vw, 801px\" \/><\/figure><div class=\"elementor-image-box-content\"><p class=\"elementor-image-box-description\"><strong>\u00c0 la demande de l\u2019ASE<\/strong>\nou via<br>les psychologues des \u00e9tablissements d\u2019accueil<\/p><\/div><\/div>\t\t\t\t<\/div>\n\t\t\t\t<\/div>\n\t\t\t\t\t<\/div>\n\t\t\t\t<\/div>\n\t\t<div class=\"elementor-element elementor-element-ead738d e-flex e-con-boxed e-con e-parent\" data-id=\"ead738d\" data-element_type=\"container\" data-e-type=\"container\">\n\t\t\t\t\t<div class=\"e-con-inner\">\n\t\t\t\t\t<\/div>\n\t\t\t\t<\/div>\n\t\t<div class=\"elementor-element elementor-element-eb8a512 e-flex e-con-boxed e-con e-parent\" data-id=\"eb8a512\" data-element_type=\"container\" data-e-type=\"container\">\n\t\t\t\t\t<div class=\"e-con-inner\">\n\t\t\t\t<div class=\"elementor-element elementor-element-22904e6 elementor-widget elementor-widget-spacer\" data-id=\"22904e6\" data-element_type=\"widget\" data-e-type=\"widget\" data-widget_type=\"spacer.default\">\n\t\t\t\t\t\t\t<div class=\"elementor-spacer\">\n\t\t\t<div class=\"elementor-spacer-inner\"><\/div>\n\t\t<\/div>\n\t\t\t\t\t\t<\/div>\n\t\t\t\t<div class=\"elementor-element elementor-element-0be602c elementor-align-right elementor-widget elementor-widget-button\" data-id=\"0be602c\" data-element_type=\"widget\" data-e-type=\"widget\" data-widget_type=\"button.default\">\n\t\t\t\t\t\t\t\t\t\t<a class=\"elementor-button elementor-button-link elementor-size-sm\" href=\"https:\/\/avih.org\/wp-content\/uploads\/2026\/04\/Fiche-de-liaison-AVIH.pdf\">\n\t\t\t\t\t\t<span class=\"elementor-button-content-wrapper\">\n\t\t\t\t\t\t\t\t\t<span class=\"elementor-button-text\">T\u00e9l\u00e9charger notre fiche de liaison<\/span>\n\t\t\t\t\t<\/span>\n\t\t\t\t\t<\/a>\n\t\t\t\t\t\t\t\t<\/div>\n\t\t\t\t<div class=\"elementor-element elementor-element-3b962629 elementor-align-right elementor-widget elementor-widget-button\" data-id=\"3b962629\" data-element_type=\"widget\" data-e-type=\"widget\" data-widget_type=\"button.default\">\n\t\t\t\t\t\t\t\t\t\t<a class=\"elementor-button elementor-button-link elementor-size-sm\" href=\"https:\/\/avih.org\/index.php\/contact\/\">\n\t\t\t\t\t\t<span class=\"elementor-button-content-wrapper\">\n\t\t\t\t\t\t\t\t\t<span class=\"elementor-button-text\">Contactez-nous<\/span>\n\t\t\t\t\t<\/span>\n\t\t\t\t\t<\/a>\n\t\t\t\t\t\t\t\t<\/div>\n\t\t\t\t\t<\/div>\n\t\t\t\t<\/div>\n\t\t<div class=\"elementor-element elementor-element-1361aa3 e-flex e-con-boxed e-con e-parent\" data-id=\"1361aa3\" data-element_type=\"container\" data-e-type=\"container\">\n\t\t\t\t\t<div class=\"e-con-inner\">\n\t\t\t\t<div class=\"elementor-element elementor-element-7ef6272 elementor-widget elementor-widget-spacer\" data-id=\"7ef6272\" data-element_type=\"widget\" data-e-type=\"widget\" data-widget_type=\"spacer.default\">\n\t\t\t\t\t\t\t<div class=\"elementor-spacer\">\n\t\t\t<div class=\"elementor-spacer-inner\"><\/div>\n\t\t<\/div>\n\t\t\t\t\t\t<\/div>\n\t\t\t\t\t<\/div>\n\t\t\t\t<\/div>\n\t\t\t\t<\/div>\n\t\t","protected":false},"excerpt":{"rendered":"<p>Actions en faveur des Mineurs Non Accompagn\u00e9s (MNA) Ce dispositif fait l\u2019objet d\u2019une convention que nous avons sign\u00e9e avec le service de protection de l\u2019enfance et des familles du d\u00e9partement de Seine et Marne en vue d\u2019am\u00e9liorer la sant\u00e9 mentale des Mineurs Non Accompagn\u00e9s et de soutenir les \u00e9quipes de professionnels qui les accompagnent. Objectifs [&hellip;]<\/p>\n","protected":false},"author":1,"featured_media":0,"parent":0,"menu_order":0,"comment_status":"closed","ping_status":"closed","template":"","meta":{"footnotes":""},"class_list":["post-319","page","type-page","status-publish","hentry"],"_links":{"self":[{"href":"https:\/\/avih.org\/index.php\/wp-json\/wp\/v2\/pages\/319","targetHints":{"allow":["GET"]}}],"collection":[{"href":"https:\/\/avih.org\/index.php\/wp-json\/wp\/v2\/pages"}],"about":[{"href":"https:\/\/avih.org\/index.php\/wp-json\/wp\/v2\/types\/page"}],"author":[{"embeddable":true,"href":"https:\/\/avih.org\/index.php\/wp-json\/wp\/v2\/users\/1"}],"replies":[{"embeddable":true,"href":"https:\/\/avih.org\/index.php\/wp-json\/wp\/v2\/comments?post=319"}],"version-history":[{"count":49,"href":"https:\/\/avih.org\/index.php\/wp-json\/wp\/v2\/pages\/319\/revisions"}],"predecessor-version":[{"id":1634,"href":"https:\/\/avih.org\/index.php\/wp-json\/wp\/v2\/pages\/319\/revisions\/1634"}],"wp:attachment":[{"href":"https:\/\/avih.org\/index.php\/wp-json\/wp\/v2\/media?parent=319"}],"curies":[{"name":"wp","href":"https:\/\/api.w.org\/{rel}","templated":true}]}}