{"id":323,"date":"2025-10-02T12:37:16","date_gmt":"2025-10-02T12:37:16","guid":{"rendered":"http:\/\/avih.org\/?page_id=323"},"modified":"2026-02-09T15:05:13","modified_gmt":"2026-02-09T15:05:13","slug":"action-de-prevention-et-de-formation","status":"publish","type":"page","link":"https:\/\/avih.org\/index.php\/action-de-prevention-et-de-formation\/","title":{"rendered":"Action de pr\u00e9vention et de formation"},"content":{"rendered":"\t\t<div data-elementor-type=\"wp-page\" data-elementor-id=\"323\" class=\"elementor elementor-323\" data-elementor-post-type=\"page\">\n\t\t\t\t<div class=\"elementor-element elementor-element-771b91dd e-con-full e-flex e-con e-parent\" data-id=\"771b91dd\" data-element_type=\"container\" data-e-type=\"container\" data-settings=\"{&quot;background_background&quot;:&quot;classic&quot;}\">\n\t\t\t\t<\/div>\n\t\t<div class=\"elementor-element elementor-element-73be355e e-flex e-con-boxed e-con e-parent\" data-id=\"73be355e\" data-element_type=\"container\" data-e-type=\"container\">\n\t\t\t\t\t<div class=\"e-con-inner\">\n\t\t\t\t<div class=\"elementor-element elementor-element-3a52d43d elementor-widget elementor-widget-spacer\" data-id=\"3a52d43d\" data-element_type=\"widget\" data-e-type=\"widget\" data-widget_type=\"spacer.default\">\n\t\t\t\t\t\t\t<div class=\"elementor-spacer\">\n\t\t\t<div class=\"elementor-spacer-inner\"><\/div>\n\t\t<\/div>\n\t\t\t\t\t\t<\/div>\n\t\t\t\t\t<\/div>\n\t\t\t\t<\/div>\n\t\t<div class=\"elementor-element elementor-element-dc7af19 e-flex e-con-boxed e-con e-parent\" data-id=\"dc7af19\" data-element_type=\"container\" data-e-type=\"container\">\n\t\t\t\t\t<div class=\"e-con-inner\">\n\t\t\t\t<div class=\"elementor-element elementor-element-706db7c elementor-widget elementor-widget-heading\" data-id=\"706db7c\" data-element_type=\"widget\" data-e-type=\"widget\" data-widget_type=\"heading.default\">\n\t\t\t\t\t<h2 class=\"elementor-heading-title elementor-size-default\">Les actions de pr\u00e9vention et de formation<\/h2>\t\t\t\t<\/div>\n\t\t\t\t\t<\/div>\n\t\t\t\t<\/div>\n\t\t<div class=\"elementor-element elementor-element-11b718f2 e-flex e-con-boxed e-con e-parent\" data-id=\"11b718f2\" data-element_type=\"container\" data-e-type=\"container\">\n\t\t\t\t\t<div class=\"e-con-inner\">\n\t\t\t\t<div class=\"elementor-element elementor-element-ac55d94 elementor-widget elementor-widget-spacer\" data-id=\"ac55d94\" data-element_type=\"widget\" data-e-type=\"widget\" data-widget_type=\"spacer.default\">\n\t\t\t\t\t\t\t<div class=\"elementor-spacer\">\n\t\t\t<div class=\"elementor-spacer-inner\"><\/div>\n\t\t<\/div>\n\t\t\t\t\t\t<\/div>\n\t\t\t\t\t<\/div>\n\t\t\t\t<\/div>\n\t\t<div class=\"elementor-element elementor-element-25021575 e-flex e-con-boxed e-con e-parent\" data-id=\"25021575\" data-element_type=\"container\" data-e-type=\"container\">\n\t\t\t\t\t<div class=\"e-con-inner\">\n\t\t\t\t<div class=\"elementor-element elementor-element-56663257 elementor-widget elementor-widget-text-editor\" data-id=\"56663257\" data-element_type=\"widget\" data-e-type=\"widget\" data-widget_type=\"text-editor.default\">\n\t\t\t\t\t\t\t\t\t<p><strong>Dans le cadre des actions soutenues par l\u2019ARS<\/strong> pour la <strong>promotion et la pr\u00e9vention en sant\u00e9 (PPS),<\/strong> l\u2019\u00e9quipe de l\u2019Avih propose chaque ann\u00e9e un <strong>programme d\u2019actions<\/strong> construit au plus pr\u00e8s des <strong>besoins des personnes<\/strong> et en <strong>collaboration avec les partenaires volontaires<\/strong>. Ces actions viennent soutenir et compl\u00e9ter les actions des autres dispositifs d\u2019acc\u00e8s aux soins de l\u2019association.<\/p>\t\t\t\t\t\t\t\t<\/div>\n\t\t\t\t\t<\/div>\n\t\t\t\t<\/div>\n\t\t<div class=\"elementor-element elementor-element-5b2183e5 e-flex e-con-boxed e-con e-parent\" data-id=\"5b2183e5\" data-element_type=\"container\" data-e-type=\"container\">\n\t\t\t\t\t<div class=\"e-con-inner\">\n\t\t\t\t<div class=\"elementor-element elementor-element-78c23d13 elementor-widget elementor-widget-spacer\" data-id=\"78c23d13\" data-element_type=\"widget\" data-e-type=\"widget\" data-widget_type=\"spacer.default\">\n\t\t\t\t\t\t\t<div class=\"elementor-spacer\">\n\t\t\t<div class=\"elementor-spacer-inner\"><\/div>\n\t\t<\/div>\n\t\t\t\t\t\t<\/div>\n\t\t\t\t\t<\/div>\n\t\t\t\t<\/div>\n\t\t<div class=\"elementor-element elementor-element-5f23c4f0 e-flex e-con-boxed e-con e-parent\" data-id=\"5f23c4f0\" data-element_type=\"container\" data-e-type=\"container\">\n\t\t\t\t\t<div class=\"e-con-inner\">\n\t\t<div class=\"elementor-element elementor-element-75cd9826 e-con-full e-flex e-con e-child\" data-id=\"75cd9826\" data-element_type=\"container\" data-e-type=\"container\">\n\t\t<div class=\"elementor-element elementor-element-621ce388 e-con-full e-flex e-con e-child\" data-id=\"621ce388\" data-element_type=\"container\" data-e-type=\"container\">\n\t\t\t\t<div class=\"elementor-element elementor-element-84d2322 elementor-widget elementor-widget-heading\" data-id=\"84d2322\" data-element_type=\"widget\" data-e-type=\"widget\" data-widget_type=\"heading.default\">\n\t\t\t\t\t<h2 class=\"elementor-heading-title elementor-size-default\">Objectifs<\/h2>\t\t\t\t<\/div>\n\t\t\t\t<div class=\"elementor-element elementor-element-57a81ab3 elementor-widget elementor-widget-spacer\" data-id=\"57a81ab3\" data-element_type=\"widget\" data-e-type=\"widget\" data-widget_type=\"spacer.default\">\n\t\t\t\t\t\t\t<div class=\"elementor-spacer\">\n\t\t\t<div class=\"elementor-spacer-inner\"><\/div>\n\t\t<\/div>\n\t\t\t\t\t\t<\/div>\n\t\t\t\t<div class=\"elementor-element elementor-element-637f54d9 elementor-widget elementor-widget-text-editor\" data-id=\"637f54d9\" data-element_type=\"widget\" data-e-type=\"widget\" data-widget_type=\"text-editor.default\">\n\t\t\t\t\t\t\t\t\t<ul><li><strong>Promouvoir la sant\u00e9 des femmes<\/strong> en grande pr\u00e9carit\u00e9.<\/li><li><strong>R\u00e9duire les in\u00e9galit\u00e9s d\u2019acc\u00e8s aux soins<\/strong> et lutter contre le non-recours.<\/li><li><strong>Favoriser l\u2019autonomie en sant\u00e9<\/strong>, en renfor\u00e7ant le pouvoir d\u2019agir.<\/li><li><strong>Soutenir les professionnels de sant\u00e9<\/strong> confront\u00e9s \u00e0 des situations complexes.<\/li><li><strong>R\u00e9pondre aux besoins \u00e9volutifs du territoire<\/strong> par une approche souple et partenariale.<\/li><\/ul>\t\t\t\t\t\t\t\t<\/div>\n\t\t\t\t<\/div>\n\t\t<div class=\"elementor-element elementor-element-2787fefb e-con-full e-flex e-con e-child\" data-id=\"2787fefb\" data-element_type=\"container\" data-e-type=\"container\">\n\t\t\t\t<div class=\"elementor-element elementor-element-4ba1abd elementor-widget elementor-widget-heading\" data-id=\"4ba1abd\" data-element_type=\"widget\" data-e-type=\"widget\" data-widget_type=\"heading.default\">\n\t\t\t\t\t<h2 class=\"elementor-heading-title elementor-size-default\">Public cible<\/h2>\t\t\t\t<\/div>\n\t\t\t\t<div class=\"elementor-element elementor-element-54c00d90 elementor-widget elementor-widget-spacer\" data-id=\"54c00d90\" data-element_type=\"widget\" data-e-type=\"widget\" data-widget_type=\"spacer.default\">\n\t\t\t\t\t\t\t<div class=\"elementor-spacer\">\n\t\t\t<div class=\"elementor-spacer-inner\"><\/div>\n\t\t<\/div>\n\t\t\t\t\t\t<\/div>\n\t\t\t\t<div class=\"elementor-element elementor-element-1d0d23e4 elementor-widget elementor-widget-text-editor\" data-id=\"1d0d23e4\" data-element_type=\"widget\" data-e-type=\"widget\" data-widget_type=\"text-editor.default\">\n\t\t\t\t\t\t\t\t\t<ul><li><strong>Personnes vivant en habitat pr\u00e9caire :<\/strong> h\u00f4tels sociaux, squats, bidonvilles, h\u00e9bergement d\u2019urgence, etc.<\/li><li><strong>Jeunes femmes, m\u00e8res, femmes enceintes, parents.<\/strong><\/li><li><strong>Professionnels de sant\u00e9, sociaux et m\u00e9dico-sociaux<\/strong> accompagnant ces publics.<\/li><\/ul>\t\t\t\t\t\t\t\t<\/div>\n\t\t\t\t<\/div>\n\t\t\t\t<\/div>\n\t\t\t\t\t<\/div>\n\t\t\t\t<\/div>\n\t\t<div class=\"elementor-element elementor-element-31d95063 e-flex e-con-boxed e-con e-parent\" data-id=\"31d95063\" data-element_type=\"container\" data-e-type=\"container\">\n\t\t\t\t\t<div class=\"e-con-inner\">\n\t\t\t\t<div class=\"elementor-element elementor-element-d62b99 elementor-widget elementor-widget-spacer\" data-id=\"d62b99\" data-element_type=\"widget\" data-e-type=\"widget\" data-widget_type=\"spacer.default\">\n\t\t\t\t\t\t\t<div class=\"elementor-spacer\">\n\t\t\t<div class=\"elementor-spacer-inner\"><\/div>\n\t\t<\/div>\n\t\t\t\t\t\t<\/div>\n\t\t\t\t\t<\/div>\n\t\t\t\t<\/div>\n\t\t<div class=\"elementor-element elementor-element-2a5f22c7 e-flex e-con-boxed e-con e-parent\" data-id=\"2a5f22c7\" data-element_type=\"container\" data-e-type=\"container\">\n\t\t\t\t\t<div class=\"e-con-inner\">\n\t\t<div class=\"elementor-element elementor-element-60b58c12 e-con-full e-flex e-con e-child\" data-id=\"60b58c12\" data-element_type=\"container\" data-e-type=\"container\">\n\t\t\t\t<div class=\"elementor-element elementor-element-529bc665 elementor-widget elementor-widget-image\" data-id=\"529bc665\" data-element_type=\"widget\" data-e-type=\"widget\" data-widget_type=\"image.default\">\n\t\t\t\t\t\t\t\t\t\t\t\t\t\t\t<img fetchpriority=\"high\" decoding=\"async\" width=\"561\" height=\"465\" src=\"https:\/\/avih.org\/wp-content\/uploads\/2025\/10\/carte_77_1.png\" class=\"attachment-full size-full wp-image-600\" alt=\"\" srcset=\"https:\/\/avih.org\/wp-content\/uploads\/2025\/10\/carte_77_1.png 561w, https:\/\/avih.org\/wp-content\/uploads\/2025\/10\/carte_77_1-300x249.png 300w\" sizes=\"(max-width: 561px) 100vw, 561px\" \/>\t\t\t\t\t\t\t\t\t\t\t\t\t\t\t<\/div>\n\t\t\t\t<\/div>\n\t\t<div class=\"elementor-element elementor-element-3a0f94fd e-con-full e-flex e-con e-child\" data-id=\"3a0f94fd\" data-element_type=\"container\" data-e-type=\"container\">\n\t\t\t\t<div class=\"elementor-element elementor-element-73be45e6 elementor-widget elementor-widget-heading\" data-id=\"73be45e6\" data-element_type=\"widget\" data-e-type=\"widget\" data-widget_type=\"heading.default\">\n\t\t\t\t\t<h2 class=\"elementor-heading-title elementor-size-default\">Territoire d'intervention<\/h2>\t\t\t\t<\/div>\n\t\t\t\t<div class=\"elementor-element elementor-element-5697b86c elementor-widget elementor-widget-text-editor\" data-id=\"5697b86c\" data-element_type=\"widget\" data-e-type=\"widget\" data-widget_type=\"text-editor.default\">\n\t\t\t\t\t\t\t\t\t<p class=\"p1\">Intervention dans le nord de la Seine-et-Marne, en structures partenaires, en \u00aballer-vers\u00bb ou dans nos locaux.<\/p>\t\t\t\t\t\t\t\t<\/div>\n\t\t\t\t<\/div>\n\t\t\t\t\t<\/div>\n\t\t\t\t<\/div>\n\t\t<div class=\"elementor-element elementor-element-37d874e8 e-flex e-con-boxed e-con e-parent\" data-id=\"37d874e8\" data-element_type=\"container\" data-e-type=\"container\">\n\t\t\t\t\t<div class=\"e-con-inner\">\n\t\t\t\t<div class=\"elementor-element elementor-element-6db268f4 elementor-widget elementor-widget-spacer\" data-id=\"6db268f4\" data-element_type=\"widget\" data-e-type=\"widget\" data-widget_type=\"spacer.default\">\n\t\t\t\t\t\t\t<div class=\"elementor-spacer\">\n\t\t\t<div class=\"elementor-spacer-inner\"><\/div>\n\t\t<\/div>\n\t\t\t\t\t\t<\/div>\n\t\t\t\t\t<\/div>\n\t\t\t\t<\/div>\n\t\t<div class=\"elementor-element elementor-element-69db6082 e-con-full e-flex e-con e-parent\" data-id=\"69db6082\" data-element_type=\"container\" data-e-type=\"container\">\n\t\t<div class=\"elementor-element elementor-element-6a06aaba e-con-full e-flex e-con e-child\" data-id=\"6a06aaba\" data-element_type=\"container\" data-e-type=\"container\">\n\t\t\t\t<div class=\"elementor-element elementor-element-3d98ebe1 elementor-widget elementor-widget-heading\" data-id=\"3d98ebe1\" data-element_type=\"widget\" data-e-type=\"widget\" data-widget_type=\"heading.default\">\n\t\t\t\t\t<h2 class=\"elementor-heading-title elementor-size-default\">Actions<\/h2>\t\t\t\t<\/div>\n\t\t\t\t<div class=\"elementor-element elementor-element-177e6ec0 elementor-widget elementor-widget-text-editor\" data-id=\"177e6ec0\" data-element_type=\"widget\" data-e-type=\"widget\" data-widget_type=\"text-editor.default\">\n\t\t\t\t\t\t\t\t\t<p>Le programme est renouvel\u00e9 chaque ann\u00e9e et ajust\u00e9 aux besoins rep\u00e9r\u00e9s. Il combine :<\/p><ul><li><strong>Des actions collectives :<\/strong><ul><li>Ateliers sur la sant\u00e9 sexuelle, p\u00e9rinatalit\u00e9, alimentation, sant\u00e9 mentale, diab\u00e8te, d\u00e9pistages et vaccinations, etc.<\/li><li>Espaces de parole et de pr\u00e9vention, anim\u00e9s dans une approche interculturelle.<\/li><\/ul><\/li><li><strong>Des actions individuelles :<\/strong><ul><li>Entretiens de pr\u00e9vention, orientation vers les soins.<\/li><li>Rep\u00e9rage des facteurs de vuln\u00e9rabilit\u00e9.<\/li><li>Suivi personnalis\u00e9 et mise en r\u00e9seau avec les structures partenaires<\/li><\/ul><\/li><li><strong>Des actions de soutien aux professionnels :<\/strong><ul><li>Formations et sensibilisations (sant\u00e9 transculturelle, sant\u00e9 des femmes, violence, p\u00e9rinatalit\u00e9, etc.).<\/li><li>Travail en r\u00e9seau pour coordonner les parcours de sant\u00e9.<\/li><\/ul><\/li><\/ul>\t\t\t\t\t\t\t\t<\/div>\n\t\t\t\t<\/div>\n\t\t<div class=\"elementor-element elementor-element-6b6db4d5 e-con-full e-flex e-con e-child\" data-id=\"6b6db4d5\" data-element_type=\"container\" data-e-type=\"container\">\n\t\t\t\t<div class=\"elementor-element elementor-element-d143cb6 elementor-widget elementor-widget-image\" data-id=\"d143cb6\" data-element_type=\"widget\" data-e-type=\"widget\" data-widget_type=\"image.default\">\n\t\t\t\t\t\t\t\t\t\t\t\t\t\t\t<img decoding=\"async\" width=\"800\" height=\"573\" src=\"https:\/\/avih.org\/wp-content\/uploads\/2025\/10\/Plan-de-travail-1-1024x733.png\" class=\"attachment-large size-large wp-image-596\" alt=\"\" srcset=\"https:\/\/avih.org\/wp-content\/uploads\/2025\/10\/Plan-de-travail-1-1024x733.png 1024w, https:\/\/avih.org\/wp-content\/uploads\/2025\/10\/Plan-de-travail-1-300x215.png 300w, https:\/\/avih.org\/wp-content\/uploads\/2025\/10\/Plan-de-travail-1-768x550.png 768w, https:\/\/avih.org\/wp-content\/uploads\/2025\/10\/Plan-de-travail-1-1536x1099.png 1536w, https:\/\/avih.org\/wp-content\/uploads\/2025\/10\/Plan-de-travail-1-2048x1466.png 2048w\" sizes=\"(max-width: 800px) 100vw, 800px\" \/>\t\t\t\t\t\t\t\t\t\t\t\t\t\t\t<\/div>\n\t\t\t\t<\/div>\n\t\t\t\t<\/div>\n\t\t<div class=\"elementor-element elementor-element-2b8d8338 e-flex e-con-boxed e-con e-parent\" data-id=\"2b8d8338\" data-element_type=\"container\" data-e-type=\"container\">\n\t\t\t\t\t<div class=\"e-con-inner\">\n\t\t\t\t<div class=\"elementor-element elementor-element-3e286e03 elementor-widget elementor-widget-spacer\" data-id=\"3e286e03\" data-element_type=\"widget\" data-e-type=\"widget\" data-widget_type=\"spacer.default\">\n\t\t\t\t\t\t\t<div class=\"elementor-spacer\">\n\t\t\t<div class=\"elementor-spacer-inner\"><\/div>\n\t\t<\/div>\n\t\t\t\t\t\t<\/div>\n\t\t\t\t\t<\/div>\n\t\t\t\t<\/div>\n\t\t<div class=\"elementor-element elementor-element-6ee1883a e-flex e-con-boxed e-con e-parent\" data-id=\"6ee1883a\" data-element_type=\"container\" data-e-type=\"container\">\n\t\t\t\t\t<div class=\"e-con-inner\">\n\t\t\t\t<div class=\"elementor-element elementor-element-6cba1b23 elementor-widget elementor-widget-heading\" data-id=\"6cba1b23\" data-element_type=\"widget\" data-e-type=\"widget\" data-widget_type=\"heading.default\">\n\t\t\t\t\t<h2 class=\"elementor-heading-title elementor-size-default\">Modalit\u00e9s<\/h2>\t\t\t\t<\/div>\n\t\t\t\t<div class=\"elementor-element elementor-element-8135c1 elementor-widget elementor-widget-spacer\" data-id=\"8135c1\" data-element_type=\"widget\" data-e-type=\"widget\" data-widget_type=\"spacer.default\">\n\t\t\t\t\t\t\t<div class=\"elementor-spacer\">\n\t\t\t<div class=\"elementor-spacer-inner\"><\/div>\n\t\t<\/div>\n\t\t\t\t\t\t<\/div>\n\t\t\t\t\t<\/div>\n\t\t\t\t<\/div>\n\t\t<div class=\"elementor-element elementor-element-37d270c e-flex e-con-boxed e-con e-parent\" data-id=\"37d270c\" data-element_type=\"container\" data-e-type=\"container\">\n\t\t\t\t\t<div class=\"e-con-inner\">\n\t\t<div class=\"elementor-element elementor-element-1e91ddb e-con-full e-flex e-con e-child\" data-id=\"1e91ddb\" data-element_type=\"container\" data-e-type=\"container\">\n\t\t\t\t<div class=\"elementor-element elementor-element-296b9a0 elementor-position-top elementor-widget elementor-widget-image-box\" data-id=\"296b9a0\" data-element_type=\"widget\" data-e-type=\"widget\" data-widget_type=\"image-box.default\">\n\t\t\t\t\t<div class=\"elementor-image-box-wrapper\"><figure class=\"elementor-image-box-img\"><img decoding=\"async\" width=\"801\" height=\"801\" src=\"https:\/\/avih.org\/wp-content\/uploads\/2025\/10\/convergence_coordination.png\" class=\"attachment-full size-full wp-image-333\" alt=\"\" srcset=\"https:\/\/avih.org\/wp-content\/uploads\/2025\/10\/convergence_coordination.png 801w, https:\/\/avih.org\/wp-content\/uploads\/2025\/10\/convergence_coordination-300x300.png 300w, https:\/\/avih.org\/wp-content\/uploads\/2025\/10\/convergence_coordination-150x150.png 150w, https:\/\/avih.org\/wp-content\/uploads\/2025\/10\/convergence_coordination-768x768.png 768w\" sizes=\"(max-width: 801px) 100vw, 801px\" \/><\/figure><div class=\"elementor-image-box-content\"><p class=\"elementor-image-box-description\"><strong>Construction<\/strong>\n<br>de programmes d\u2019actions<\/p><\/div><\/div>\t\t\t\t<\/div>\n\t\t\t\t<\/div>\n\t\t<div class=\"elementor-element elementor-element-f107763 e-con-full e-flex e-con e-child\" data-id=\"f107763\" data-element_type=\"container\" data-e-type=\"container\">\n\t\t\t\t<div class=\"elementor-element elementor-element-c586859 elementor-position-top elementor-widget elementor-widget-image-box\" data-id=\"c586859\" data-element_type=\"widget\" data-e-type=\"widget\" data-widget_type=\"image-box.default\">\n\t\t\t\t\t<div class=\"elementor-image-box-wrapper\"><figure class=\"elementor-image-box-img\"><img loading=\"lazy\" decoding=\"async\" width=\"316\" height=\"750\" src=\"https:\/\/avih.org\/wp-content\/uploads\/2025\/10\/lien_communication-1.png\" class=\"attachment-full size-full wp-image-722\" alt=\"\" srcset=\"https:\/\/avih.org\/wp-content\/uploads\/2025\/10\/lien_communication-1.png 316w, https:\/\/avih.org\/wp-content\/uploads\/2025\/10\/lien_communication-1-126x300.png 126w\" sizes=\"(max-width: 316px) 100vw, 316px\" \/><\/figure><div class=\"elementor-image-box-content\"><p class=\"elementor-image-box-description\"><strong>R\u00e9ponses <\/strong><br>\u00e0 des\ndemandes spontan\u00e9es<\/p><\/div><\/div>\t\t\t\t<\/div>\n\t\t\t\t<\/div>\n\t\t<div class=\"elementor-element elementor-element-6db286b e-con-full e-flex e-con e-child\" data-id=\"6db286b\" data-element_type=\"container\" data-e-type=\"container\">\n\t\t\t\t<div class=\"elementor-element elementor-element-b934a7f elementor-position-top elementor-widget elementor-widget-image-box\" data-id=\"b934a7f\" data-element_type=\"widget\" data-e-type=\"widget\" data-widget_type=\"image-box.default\">\n\t\t\t\t\t<div class=\"elementor-image-box-wrapper\"><figure class=\"elementor-image-box-img\"><img loading=\"lazy\" decoding=\"async\" width=\"801\" height=\"801\" src=\"https:\/\/avih.org\/wp-content\/uploads\/2025\/10\/partenariats-1.png\" class=\"attachment-full size-full wp-image-677\" alt=\"\" srcset=\"https:\/\/avih.org\/wp-content\/uploads\/2025\/10\/partenariats-1.png 801w, https:\/\/avih.org\/wp-content\/uploads\/2025\/10\/partenariats-1-300x300.png 300w, https:\/\/avih.org\/wp-content\/uploads\/2025\/10\/partenariats-1-150x150.png 150w, https:\/\/avih.org\/wp-content\/uploads\/2025\/10\/partenariats-1-768x768.png 768w\" sizes=\"(max-width: 801px) 100vw, 801px\" \/><\/figure><div class=\"elementor-image-box-content\"><p class=\"elementor-image-box-description\"><strong>Co-construction<\/strong><br>avec les partenaires<\/p><\/div><\/div>\t\t\t\t<\/div>\n\t\t\t\t<\/div>\n\t\t\t\t\t<\/div>\n\t\t\t\t<\/div>\n\t\t<div class=\"elementor-element elementor-element-6e7f1121 e-flex e-con-boxed e-con e-parent\" data-id=\"6e7f1121\" data-element_type=\"container\" data-e-type=\"container\">\n\t\t\t\t\t<div class=\"e-con-inner\">\n\t\t\t\t<div class=\"elementor-element elementor-element-71b57e67 elementor-widget elementor-widget-spacer\" data-id=\"71b57e67\" data-element_type=\"widget\" data-e-type=\"widget\" data-widget_type=\"spacer.default\">\n\t\t\t\t\t\t\t<div class=\"elementor-spacer\">\n\t\t\t<div class=\"elementor-spacer-inner\"><\/div>\n\t\t<\/div>\n\t\t\t\t\t\t<\/div>\n\t\t\t\t\t<\/div>\n\t\t\t\t<\/div>\n\t\t<div class=\"elementor-element elementor-element-56878a28 e-flex e-con-boxed e-con e-parent\" data-id=\"56878a28\" data-element_type=\"container\" data-e-type=\"container\" data-settings=\"{&quot;background_background&quot;:&quot;classic&quot;}\">\n\t\t\t\t\t<div class=\"e-con-inner\">\n\t\t\t\t<div class=\"elementor-element elementor-element-65d7227e elementor-widget elementor-widget-heading\" data-id=\"65d7227e\" data-element_type=\"widget\" data-e-type=\"widget\" data-widget_type=\"heading.default\">\n\t\t\t\t\t<h2 class=\"elementor-heading-title elementor-size-default\">Cadre r\u00e9glementaire<\/h2>\t\t\t\t<\/div>\n\t\t\t\t<div class=\"elementor-element elementor-element-6dfedf84 elementor-widget elementor-widget-text-editor\" data-id=\"6dfedf84\" data-element_type=\"widget\" data-e-type=\"widget\" data-widget_type=\"text-editor.default\">\n\t\t\t\t\t\t\t\t\t<p>Programme financ\u00e9 par l\u2019ARS dans le cadre du FIR (Fond d\u2019Intervention R\u00e9gional) &#8211; Promotion de la Sant\u00e9.<br \/>S\u2019inscrit dans :<\/p><ul><li>Le PRS 2023\u20132028 de l\u2019ARS \u00cele-de-France<\/li><li>Le plan interminist\u00e9riel \u00c9galit\u00e9 Femmes-Hommes 2023\u20132027<\/li><li>La Strat\u00e9gie nationale de sant\u00e9<\/li><\/ul>\t\t\t\t\t\t\t\t<\/div>\n\t\t\t\t\t<\/div>\n\t\t\t\t<\/div>\n\t\t<div class=\"elementor-element elementor-element-2d5465d4 e-flex e-con-boxed e-con e-parent\" data-id=\"2d5465d4\" data-element_type=\"container\" data-e-type=\"container\">\n\t\t\t\t\t<div class=\"e-con-inner\">\n\t\t\t\t<div class=\"elementor-element elementor-element-2a62c2ca elementor-widget elementor-widget-spacer\" data-id=\"2a62c2ca\" data-element_type=\"widget\" data-e-type=\"widget\" data-widget_type=\"spacer.default\">\n\t\t\t\t\t\t\t<div class=\"elementor-spacer\">\n\t\t\t<div class=\"elementor-spacer-inner\"><\/div>\n\t\t<\/div>\n\t\t\t\t\t\t<\/div>\n\t\t\t\t<div class=\"elementor-element elementor-element-3bb32949 elementor-align-right elementor-widget elementor-widget-button\" data-id=\"3bb32949\" data-element_type=\"widget\" data-e-type=\"widget\" data-widget_type=\"button.default\">\n\t\t\t\t\t\t\t\t\t\t<a class=\"elementor-button elementor-button-link elementor-size-sm\" href=\"https:\/\/avih.org\/index.php\/contact\/\" target=\"_blank\">\n\t\t\t\t\t\t<span class=\"elementor-button-content-wrapper\">\n\t\t\t\t\t\t\t\t\t<span class=\"elementor-button-text\">Contactez-nous<\/span>\n\t\t\t\t\t<\/span>\n\t\t\t\t\t<\/a>\n\t\t\t\t\t\t\t\t<\/div>\n\t\t\t\t\t<\/div>\n\t\t\t\t<\/div>\n\t\t<div class=\"elementor-element elementor-element-4fdb31d4 e-flex e-con-boxed e-con e-parent\" data-id=\"4fdb31d4\" data-element_type=\"container\" data-e-type=\"container\">\n\t\t\t\t\t<div class=\"e-con-inner\">\n\t\t\t\t<div class=\"elementor-element elementor-element-5840dced elementor-widget elementor-widget-spacer\" data-id=\"5840dced\" data-element_type=\"widget\" data-e-type=\"widget\" data-widget_type=\"spacer.default\">\n\t\t\t\t\t\t\t<div class=\"elementor-spacer\">\n\t\t\t<div class=\"elementor-spacer-inner\"><\/div>\n\t\t<\/div>\n\t\t\t\t\t\t<\/div>\n\t\t\t\t\t<\/div>\n\t\t\t\t<\/div>\n\t\t\t\t<\/div>\n\t\t","protected":false},"excerpt":{"rendered":"<p>Les actions de pr\u00e9vention et de formation Dans le cadre des actions soutenues par l\u2019ARS pour la promotion et la pr\u00e9vention en sant\u00e9 (PPS), l\u2019\u00e9quipe de l\u2019Avih propose chaque ann\u00e9e un programme d\u2019actions construit au plus pr\u00e8s des besoins des personnes et en collaboration avec les partenaires volontaires. Ces actions viennent soutenir et compl\u00e9ter les [&hellip;]<\/p>\n","protected":false},"author":1,"featured_media":0,"parent":0,"menu_order":0,"comment_status":"closed","ping_status":"closed","template":"","meta":{"footnotes":""},"class_list":["post-323","page","type-page","status-publish","hentry"],"_links":{"self":[{"href":"https:\/\/avih.org\/index.php\/wp-json\/wp\/v2\/pages\/323","targetHints":{"allow":["GET"]}}],"collection":[{"href":"https:\/\/avih.org\/index.php\/wp-json\/wp\/v2\/pages"}],"about":[{"href":"https:\/\/avih.org\/index.php\/wp-json\/wp\/v2\/types\/page"}],"author":[{"embeddable":true,"href":"https:\/\/avih.org\/index.php\/wp-json\/wp\/v2\/users\/1"}],"replies":[{"embeddable":true,"href":"https:\/\/avih.org\/index.php\/wp-json\/wp\/v2\/comments?post=323"}],"version-history":[{"count":19,"href":"https:\/\/avih.org\/index.php\/wp-json\/wp\/v2\/pages\/323\/revisions"}],"predecessor-version":[{"id":1525,"href":"https:\/\/avih.org\/index.php\/wp-json\/wp\/v2\/pages\/323\/revisions\/1525"}],"wp:attachment":[{"href":"https:\/\/avih.org\/index.php\/wp-json\/wp\/v2\/media?parent=323"}],"curies":[{"name":"wp","href":"https:\/\/api.w.org\/{rel}","templated":true}]}}